{"id":145,"date":"2019-03-05T17:07:58","date_gmt":"2019-03-05T17:07:58","guid":{"rendered":"http:\/\/adelsgatan48.se\/?page_id=145"},"modified":"2025-01-15T12:12:34","modified_gmt":"2025-01-15T12:12:34","slug":"lagenhet-nr-5","status":"publish","type":"page","link":"https:\/\/adelsgatan48.se\/?page_id=145","title":{"rendered":"L\u00e4genhet nr 5"},"content":{"rendered":"<div id=\"attachment_30128\" style=\"width: 235px\" class=\"wp-caption alignnone\"><img loading=\"lazy\" decoding=\"async\" aria-describedby=\"caption-attachment-30128\" class=\"size-medium wp-image-30128\" src=\"https:\/\/adelsgatan48.se\/wp-content\/uploads\/2025\/01\/vardagsrum-5-an-225x300.jpg\" alt=\"\" width=\"225\" height=\"300\" srcset=\"https:\/\/adelsgatan48.se\/wp-content\/uploads\/2025\/01\/vardagsrum-5-an-225x300.jpg 225w, https:\/\/adelsgatan48.se\/wp-content\/uploads\/2025\/01\/vardagsrum-5-an-768x1024.jpg 768w, https:\/\/adelsgatan48.se\/wp-content\/uploads\/2025\/01\/vardagsrum-5-an-1152x1536.jpg 1152w, https:\/\/adelsgatan48.se\/wp-content\/uploads\/2025\/01\/vardagsrum-5-an-1536x2048.jpg 1536w, https:\/\/adelsgatan48.se\/wp-content\/uploads\/2025\/01\/vardagsrum-5-an-1080x1440.jpg 1080w, https:\/\/adelsgatan48.se\/wp-content\/uploads\/2025\/01\/vardagsrum-5-an-1280x1707.jpg 1280w, https:\/\/adelsgatan48.se\/wp-content\/uploads\/2025\/01\/vardagsrum-5-an-980x1307.jpg 980w, https:\/\/adelsgatan48.se\/wp-content\/uploads\/2025\/01\/vardagsrum-5-an-480x640.jpg 480w, https:\/\/adelsgatan48.se\/wp-content\/uploads\/2025\/01\/vardagsrum-5-an-scaled.jpg 1920w\" sizes=\"(max-width: 225px) 100vw, 225px\" \/><p id=\"caption-attachment-30128\" class=\"wp-caption-text\">Smart tv med alla appar.<br \/>tv\u00e5 b\u00e4ddf\u00e5t\u00f6ljer<\/p><\/div>\n<p><img loading=\"lazy\" decoding=\"async\" class=\"alignnone size-large wp-image-30134\" src=\"https:\/\/adelsgatan48.se\/wp-content\/uploads\/2025\/01\/5ans-lgh-6-1024x1024.jpg\" alt=\"\" width=\"1024\" height=\"1024\" srcset=\"https:\/\/adelsgatan48.se\/wp-content\/uploads\/2025\/01\/5ans-lgh-6-1024x1024.jpg 1024w, https:\/\/adelsgatan48.se\/wp-content\/uploads\/2025\/01\/5ans-lgh-6-300x300.jpg 300w, https:\/\/adelsgatan48.se\/wp-content\/uploads\/2025\/01\/5ans-lgh-6-150x150.jpg 150w, https:\/\/adelsgatan48.se\/wp-content\/uploads\/2025\/01\/5ans-lgh-6-768x768.jpg 768w, https:\/\/adelsgatan48.se\/wp-content\/uploads\/2025\/01\/5ans-lgh-6-1536x1536.jpg 1536w, https:\/\/adelsgatan48.se\/wp-content\/uploads\/2025\/01\/5ans-lgh-6-2048x2048.jpg 2048w, https:\/\/adelsgatan48.se\/wp-content\/uploads\/2025\/01\/5ans-lgh-6-1080x1080.jpg 1080w, https:\/\/adelsgatan48.se\/wp-content\/uploads\/2025\/01\/5ans-lgh-6-1280x1280.jpg 1280w, https:\/\/adelsgatan48.se\/wp-content\/uploads\/2025\/01\/5ans-lgh-6-980x980.jpg 980w, https:\/\/adelsgatan48.se\/wp-content\/uploads\/2025\/01\/5ans-lgh-6-480x480.jpg 480w\" sizes=\"(max-width: 1024px) 100vw, 1024px\" \/> <img loading=\"lazy\" decoding=\"async\" class=\"alignnone size-large wp-image-30158\" src=\"https:\/\/adelsgatan48.se\/wp-content\/uploads\/2025\/01\/248A0545-1024x683.jpg\" alt=\"\" width=\"1024\" height=\"683\" srcset=\"https:\/\/adelsgatan48.se\/wp-content\/uploads\/2025\/01\/248A0545-1024x683.jpg 1024w, https:\/\/adelsgatan48.se\/wp-content\/uploads\/2025\/01\/248A0545-300x200.jpg 300w, https:\/\/adelsgatan48.se\/wp-content\/uploads\/2025\/01\/248A0545-768x512.jpg 768w, https:\/\/adelsgatan48.se\/wp-content\/uploads\/2025\/01\/248A0545-1536x1024.jpg 1536w, https:\/\/adelsgatan48.se\/wp-content\/uploads\/2025\/01\/248A0545-1080x720.jpg 1080w\" sizes=\"(max-width: 1024px) 100vw, 1024px\" \/> <img loading=\"lazy\" decoding=\"async\" class=\"alignnone size-large wp-image-30152\" src=\"https:\/\/adelsgatan48.se\/wp-content\/uploads\/2025\/01\/IMG_4506-1024x768.jpeg\" alt=\"\" width=\"1024\" height=\"768\" srcset=\"https:\/\/adelsgatan48.se\/wp-content\/uploads\/2025\/01\/IMG_4506-980x735.jpeg 980w, https:\/\/adelsgatan48.se\/wp-content\/uploads\/2025\/01\/IMG_4506-480x360.jpeg 480w\" sizes=\"(min-width: 0px) and (max-width: 480px) 480px, (min-width: 481px) and (max-width: 980px) 980px, (min-width: 981px) 1024px, 100vw\" \/><\/p>\n<div id=\"attachment_30151\" style=\"width: 1034px\" class=\"wp-caption alignnone\"><img loading=\"lazy\" decoding=\"async\" aria-describedby=\"caption-attachment-30151\" class=\"size-large wp-image-30151\" src=\"https:\/\/adelsgatan48.se\/wp-content\/uploads\/2025\/01\/IMG_2653-1024x768.jpeg\" alt=\"\" width=\"1024\" height=\"768\" srcset=\"https:\/\/adelsgatan48.se\/wp-content\/uploads\/2025\/01\/IMG_2653-980x735.jpeg 980w, https:\/\/adelsgatan48.se\/wp-content\/uploads\/2025\/01\/IMG_2653-480x360.jpeg 480w\" sizes=\"(min-width: 0px) and (max-width: 480px) 480px, (min-width: 481px) and (max-width: 980px) 980px, (min-width: 981px) 1024px, 100vw\" \/><p id=\"caption-attachment-30151\" class=\"wp-caption-text\">med laddstationer<\/p><\/div>\n<p><img loading=\"lazy\" decoding=\"async\" class=\"alignnone size-large wp-image-30150\" src=\"https:\/\/adelsgatan48.se\/wp-content\/uploads\/2025\/01\/1917593A-8FB1-4F1E-969C-28CFB94E2825-1024x768.jpeg\" alt=\"\" width=\"1024\" height=\"768\" srcset=\"https:\/\/adelsgatan48.se\/wp-content\/uploads\/2025\/01\/1917593A-8FB1-4F1E-969C-28CFB94E2825-980x735.jpeg 980w, https:\/\/adelsgatan48.se\/wp-content\/uploads\/2025\/01\/1917593A-8FB1-4F1E-969C-28CFB94E2825-480x360.jpeg 480w\" sizes=\"(min-width: 0px) and (max-width: 480px) 480px, (min-width: 481px) and (max-width: 980px) 980px, (min-width: 981px) 1024px, 100vw\" \/><\/p>\n<div id=\"attachment_30140\" style=\"width: 1034px\" class=\"wp-caption alignnone\"><img loading=\"lazy\" decoding=\"async\" aria-describedby=\"caption-attachment-30140\" class=\"size-large wp-image-30140\" src=\"https:\/\/adelsgatan48.se\/wp-content\/uploads\/2025\/01\/IMG_4512-2-1024x768.jpeg\" alt=\"\" width=\"1024\" height=\"768\" srcset=\"https:\/\/adelsgatan48.se\/wp-content\/uploads\/2025\/01\/IMG_4512-2-980x735.jpeg 980w, https:\/\/adelsgatan48.se\/wp-content\/uploads\/2025\/01\/IMG_4512-2-480x360.jpeg 480w\" sizes=\"(min-width: 0px) and (max-width: 480px) 480px, (min-width: 481px) and (max-width: 980px) 980px, (min-width: 981px) 1024px, 100vw\" \/><p id=\"caption-attachment-30140\" class=\"wp-caption-text\">v\u00e5ningss\u00e4ng med 5 stora garderober<\/p><\/div>\n<p><img loading=\"lazy\" decoding=\"async\" class=\"alignnone size-large wp-image-30135\" src=\"https:\/\/adelsgatan48.se\/wp-content\/uploads\/2025\/01\/IMG_7076-1024x1024.jpg\" alt=\"\" width=\"1024\" height=\"1024\" srcset=\"https:\/\/adelsgatan48.se\/wp-content\/uploads\/2025\/01\/IMG_7076-980x980.jpg 980w, https:\/\/adelsgatan48.se\/wp-content\/uploads\/2025\/01\/IMG_7076-480x480.jpg 480w\" sizes=\"(min-width: 0px) and (max-width: 480px) 480px, (min-width: 481px) and (max-width: 980px) 980px, (min-width: 981px) 1024px, 100vw\" \/><\/p>\n<p><img loading=\"lazy\" decoding=\"async\" class=\"alignnone size-medium wp-image-30150\" src=\"https:\/\/adelsgatan48.se\/wp-content\/uploads\/2025\/01\/1917593A-8FB1-4F1E-969C-28CFB94E2825-300x225.jpeg\" alt=\"\" width=\"300\" height=\"225\" \/><\/p>\n<div id=\"attachment_30151\" style=\"width: 310px\" class=\"wp-caption alignnone\"><img loading=\"lazy\" decoding=\"async\" aria-describedby=\"caption-attachment-30151\" class=\"size-medium wp-image-30151\" src=\"https:\/\/adelsgatan48.se\/wp-content\/uploads\/2025\/01\/IMG_2653-300x225.jpeg\" alt=\"\" width=\"300\" height=\"225\" \/><p id=\"caption-attachment-30151\" class=\"wp-caption-text\">med laddstationer<\/p><\/div>\n<p><img loading=\"lazy\" decoding=\"async\" class=\"alignnone size-medium wp-image-30152\" src=\"https:\/\/adelsgatan48.se\/wp-content\/uploads\/2025\/01\/IMG_4506-300x225.jpeg\" alt=\"\" width=\"300\" height=\"225\" \/><\/p>\n<div id=\"attachment_30140\" style=\"width: 310px\" class=\"wp-caption alignnone\"><img loading=\"lazy\" decoding=\"async\" aria-describedby=\"caption-attachment-30140\" class=\"size-medium wp-image-30140\" src=\"https:\/\/adelsgatan48.se\/wp-content\/uploads\/2025\/01\/IMG_4512-2-300x225.jpeg\" alt=\"\" width=\"300\" height=\"225\" \/><p id=\"caption-attachment-30140\" class=\"wp-caption-text\">v\u00e5ningss\u00e4ng med 5 stora garderober<\/p><\/div>\n<p><img loading=\"lazy\" decoding=\"async\" class=\"alignnone size-medium wp-image-30134\" src=\"https:\/\/adelsgatan48.se\/wp-content\/uploads\/2025\/01\/5ans-lgh-6-300x300.jpg\" alt=\"\" width=\"300\" height=\"300\" srcset=\"https:\/\/adelsgatan48.se\/wp-content\/uploads\/2025\/01\/5ans-lgh-6-300x300.jpg 300w, https:\/\/adelsgatan48.se\/wp-content\/uploads\/2025\/01\/5ans-lgh-6-1024x1024.jpg 1024w, https:\/\/adelsgatan48.se\/wp-content\/uploads\/2025\/01\/5ans-lgh-6-150x150.jpg 150w, https:\/\/adelsgatan48.se\/wp-content\/uploads\/2025\/01\/5ans-lgh-6-768x768.jpg 768w, https:\/\/adelsgatan48.se\/wp-content\/uploads\/2025\/01\/5ans-lgh-6-1536x1536.jpg 1536w, https:\/\/adelsgatan48.se\/wp-content\/uploads\/2025\/01\/5ans-lgh-6-2048x2048.jpg 2048w, https:\/\/adelsgatan48.se\/wp-content\/uploads\/2025\/01\/5ans-lgh-6-1080x1080.jpg 1080w, https:\/\/adelsgatan48.se\/wp-content\/uploads\/2025\/01\/5ans-lgh-6-1280x1280.jpg 1280w, https:\/\/adelsgatan48.se\/wp-content\/uploads\/2025\/01\/5ans-lgh-6-980x980.jpg 980w, https:\/\/adelsgatan48.se\/wp-content\/uploads\/2025\/01\/5ans-lgh-6-480x480.jpg 480w\" sizes=\"(max-width: 300px) 100vw, 300px\" \/> <img loading=\"lazy\" decoding=\"async\" class=\"alignnone size-medium wp-image-30135\" src=\"https:\/\/adelsgatan48.se\/wp-content\/uploads\/2025\/01\/IMG_7076-300x300.jpg\" alt=\"\" width=\"300\" height=\"300\" \/><\/p>\n<div id=\"attachment_30127\" style=\"width: 310px\" class=\"wp-caption alignnone\"><img loading=\"lazy\" decoding=\"async\" aria-describedby=\"caption-attachment-30127\" class=\"size-medium wp-image-30127\" src=\"https:\/\/adelsgatan48.se\/wp-content\/uploads\/2025\/01\/IMG_4510-300x225.jpeg\" alt=\"\" width=\"300\" height=\"225\" \/><p id=\"caption-attachment-30127\" class=\"wp-caption-text\">Dubbels\u00e4ng 240cm bred<\/p><\/div>\n<p><img loading=\"lazy\" decoding=\"async\" class=\"alignnone size-medium wp-image-30133\" src=\"https:\/\/adelsgatan48.se\/wp-content\/uploads\/2025\/01\/IMG_7068-300x300.jpg\" alt=\"\" width=\"300\" height=\"300\" \/><\/p>\n<p><img loading=\"lazy\" decoding=\"async\" class=\"alignnone size-medium wp-image-30124\" src=\"https:\/\/adelsgatan48.se\/wp-content\/uploads\/2025\/01\/IMG_4519-225x300.jpeg\" alt=\"\" width=\"225\" height=\"300\" \/><\/p>\n<div id=\"attachment_30131\" style=\"width: 310px\" class=\"wp-caption alignnone\"><img loading=\"lazy\" decoding=\"async\" aria-describedby=\"caption-attachment-30131\" class=\"size-medium wp-image-30131\" src=\"https:\/\/adelsgatan48.se\/wp-content\/uploads\/2025\/01\/IMG_4518-1-300x225.jpeg\" alt=\"\" width=\"300\" height=\"225\" \/><p id=\"caption-attachment-30131\" class=\"wp-caption-text\">k\u00f6k med diskmaskin<\/p><\/div>\n","protected":false},"excerpt":{"rendered":"","protected":false},"author":2,"featured_media":0,"parent":0,"menu_order":0,"comment_status":"closed","ping_status":"closed","template":"","meta":{"_et_pb_use_builder":"off","_et_pb_old_content":"","_et_gb_content_width":"","footnotes":""},"class_list":["post-145","page","type-page","status-publish","hentry"],"_links":{"self":[{"href":"https:\/\/adelsgatan48.se\/index.php?rest_route=\/wp\/v2\/pages\/145","targetHints":{"allow":["GET"]}}],"collection":[{"href":"https:\/\/adelsgatan48.se\/index.php?rest_route=\/wp\/v2\/pages"}],"about":[{"href":"https:\/\/adelsgatan48.se\/index.php?rest_route=\/wp\/v2\/types\/page"}],"author":[{"embeddable":true,"href":"https:\/\/adelsgatan48.se\/index.php?rest_route=\/wp\/v2\/users\/2"}],"replies":[{"embeddable":true,"href":"https:\/\/adelsgatan48.se\/index.php?rest_route=%2Fwp%2Fv2%2Fcomments&post=145"}],"version-history":[{"count":34,"href":"https:\/\/adelsgatan48.se\/index.php?rest_route=\/wp\/v2\/pages\/145\/revisions"}],"predecessor-version":[{"id":30208,"href":"https:\/\/adelsgatan48.se\/index.php?rest_route=\/wp\/v2\/pages\/145\/revisions\/30208"}],"wp:attachment":[{"href":"https:\/\/adelsgatan48.se\/index.php?rest_route=%2Fwp%2Fv2%2Fmedia&parent=145"}],"curies":[{"name":"wp","href":"https:\/\/api.w.org\/{rel}","templated":true}]}}